 + 1 = -152*q - t. Let u(h) = -h + 2. Let a(j) = -j + 1. Let p(v) = -3*a(v) + 2*u(v). Determine p(q).
5
Let t(z) be the second derivative of -z**4/24 - z**3/6 + 13*z**2/2 - 62*z. Let s(c) be the first derivative of t(c). Give s(8).
-9
Let j(p) = 9*p - p - 20*p - 9 + 6*p. Determine j(-2).
3
Let s(k) = k**2 - 16*k - 3. Let b = 1180 + -1165. What is s(b)?
-18
Let q(w) = w**2 + 5*w - 5. Let i be q(-6). Let c(k) be the third derivative of 0 - 34*k**2 + k + 1/6*k**3 + 5/24*k**4. What is c(i)?
6
Suppose -3*q - l = 246 + 1365, 4*q + 3*l + 2148 = 0. Let c = q - -545. Let o(r) = 3*r - 20. Calculate o(c).
4
Let j(v) = -5*v**2 + 4*v - 23. Let n be 2/((-4)/30*-5). Let a(f) = -f + 1. Let g(t) = n*a(t) + j(t). Let s(h) be the first derivative of g(h). Determine s(1).
-9
Let r be ((-1664)/(-39))/((-4)/(-174) - 0). Let i(a) = -1 + r*a - a**2 + 0 - 1860*a. Determine i(-4).
-1
Suppose -44*l = -15*l + 58. Let q be 2600/(-425) + (-2)/34*l. Let b(j) = -j - 13. Determine b(q).
-7
Let v(w) be the first derivative of w**4/4 - 3*w**3 - 10*w**2 - 30*w - 1774. What is v(11)?
-8
Let k(o) = -12*o - 686 - 616 - 428 + 1508 + 33*o. Determine k(11).
9
Let f(l) = l. Let m(w) = 2*w + 1. Let i(k) = 6*f(k) - m(k). Suppose -107 = 23*a - 130. Give i(a).
3
Let s be 46/3 - ((-8)/12)/(-2). Suppose -14*j = -17*j + s. Suppose 0 = -4*q - 3*m - 15, 0 = -q - 6*m + j*m - 5. Let y(p) = -p**3 - p**2 + p + 16. Give y(q).
16
Let d(v) be the first derivative of v**3 + 6*v**2 + 9*v + 1905. Give d(-4).
9
Let z(l) = 1140*l - l**3 + 15*l**2 + 19*l**2 + 31 - 1205*l. Determine z(32).
-1
Let j be ((-96)/120 + (-21)/(-45))*(-1 + -17). Let c(f) = 3*f**3 - 17*f**2 + 2*f - 10. Give c(j).
38
Let m be (-114)/7 + 4/14. Let r be ((-85)/28 + 4/14)*m. Let w = 50 - r. Let c(q) = q + 5. Give c(w).
11
Let l(q) = -7*q**3 + 123*q**2 - 13*q + 71. Let m(r) = -r**3 + 19*r**2 + r - 2. Let t(c) = l(c) - 6*m(c). Determine t(8).
-5
Suppose 4*r = -s + 22 - 2, -5*s = -3*r - 8. Suppose 7 = 4*c - 7*c + s*x, 4 = -2*c + 3*x. Let t(o) = o**3 + 4*o**2 - 4*o + 2. Determine t(c).
-3
Let s(o) = -2*o**2 - 15*o + 20. Let a = 6818 + -6831. Determine s(a).
-123
Let b(d) = 6*d**3 + d**2 + 4*d - 14. Let w(x) = x - 13. Let q be w(19). Let l(u) = -7*u**3 - 4*u + 16. Let s(i) = q*b(i) + 5*l(i). Determine s(-5).
1
Let x(d) = d**3 + 5*d**2 - 8*d + 3. Let w be ((-19)/((-133)/(-14)))/((-1)/6). Suppose -47*j - 245 = -w*j. Calculate x(j).
-39
Let m(x) = x**3 - 11*x**2 + 13*x - 20. Let u be m(10). Let l be 24/(-15)*u/(-4). Let r(v) = 8 - 2*v + 0 - 2. Determine r(l).
-2
Let i(y) = -y**2 - 5*y + 29. Suppose -2*n = -4*j + 36, 5*n + 49 = 2*n + 5*j. What is i(n)?
5
Suppose 0 = -463*a - 435 - 28. Let s(h) = -9*h**2 + h + 1. Give s(a).
-9
Let z(c) = -6*c**2 + 209*c + 187. Let t(l) = 2*l**2 - 67*l - 62. Let i(j) = 7*t(j) + 2*z(j). Calculate i(26).
-34
Let o = -31655 + 31632. Let u(r) = r**2 + 19*r - 130. What is u(o)?
-38
Let j(h) be the first derivative of -h**3/3 + 7*h**2/2 + 8*h + 1. Let o = 33911 - 33903. What is j(o)?
0
Let j(a) = -7*a**2 + 46*a - 35. Let x(y) = 9*y**2 - 58*y + 33. Let m(c) = 5*j(c) + 4*x(c). What is m(10)?
37
Suppose -37*a + 119 = 100*a - 155. Let m(z) = -z**3 + 10*z**2 + z + 6. Let b(q) = 3*q**3 - 29*q**2 - 3*q - 17. Let g(k) = -6*b(k) - 17*m(k). Give g(a).
10
Let h = -288 - -584. Let n = h + -301. Let t(f) = -5*f**2 - 2*f + 5*f + f**3 - 2*f**3 + 3. Calculate t(n).
-12
Let q(t) be the second derivative of t**5/20 + t**4/12 - t**3/6 + t**2/2 - 141*t. Let u(w) = 5*w**3 + 7*w**2 - 4*w - 2. Let d(b) = 4*q(b) - u(b). Give d(-3).
6
Let h(x) be the third derivative of 0*x**5 - 1/120*x**6 - 1/6*x**3 + 1/24*x**4 + 0*x + 4*x**2 + 36. What is h(2)?
-7
Let h be (15/6)/(300/480). Let o(p) be the first derivative of 4*p + 1/3*p**3 - 1/2*p**2 - h. Calculate o(3).
10
Let u(l) = l**3 - 4*l**2 - 5*l + 7. Let g be u(5). Let o(c) = 394*c + 92. Let v(w) = 303*w + 71. Let j(s) = 10*o(s) - 13*v(s). Calculate j(g).
4
Let w(l) be the first derivative of 5*l**2/2 + 30*l - 5962. Calculate w(-8).
-10
Suppose 4*j - b - 156 = 0, -3*j - 39 = 4*b - 137. Let d(h) = j - 18 + h**2 - 3*h - 13. What is d(6)?
25
Let c(b) be the third derivative of -b**6/60 + 41*b**5/60 - 11*b**4/12 + 6*b**3 + 990*b**2 + 3*b - 2. Determine c(20).
-4
Let g(d) be the third derivative of -d**4/4 + 7*d**3/2 + d**2 - 318. Determine g(3).
3
Suppose 0 = -5*l - 20 + 45. Suppose -12 = 4*r - l*r. Suppose -13*k = -r - 27. Let o(u) = 3*u - 7. Determine o(k).
2
Let v be (-5 + 313)*-1 - -3. Let z = v + 302. Let i(p) = -p**2 - 5*p - 10. Give i(z).
-4
Suppose -2*j - 4 = -4*u, -16 = -3*u - 2*j - 6. Let g(w) = 0*w - 2*w + 5*w**u + 51 - 26 - 26. Give g(-1).
6
Let b(d) = -4*d - 63. Let y(x) = -x**2 + 167*x - 3080. Let j be y(21). Determine b(j).
-7
Let j(r) = r**3 + 4*r**2 + 2. Let t be 324/6 - (1 + 0). Let g = 47 - t. Let c = 2 + g. Calculate j(c).
2
Suppose -4 = n + 5*y, 4*n - 12 = y + 14. Let k(v) = 8 - 13*v - 230*v**3 + 229*v**3 + 5*v**2 + n*v**2 - 3*v**2. Give k(6).
2
Let s(b) = b**3 + 10*b**2 - 50*b - 311. Let l be s(-12). Let o(h) = -65*h + 2. Give o(l).
-63
Let d be 2/7 - 2/7. Let g(a) be the first derivative of -a**5/60 + 2*a**3 + 33*a**2 + 89. Let b(i) be the second derivative of g(i). Give b(d).
12
Let x(v) = -7*v**2 - v + 1. Let o(j) = -3*j**2 + 3*j + 83. Let r be o(-9). Let y = r - -188. Calculate x(y).
-7
Let r(v) = 2*v + 9 - 3*v + 5. Let q be (1 + -1)/(-1)*9/(-12 + 39). Give r(q).
14
Let i = -97 + 108. Let p(j) = -14*j - 9*j + 38*j - i*j - 22. Let q be p(4). Let x(k) = -k - 6. Determine x(q).
0
Let j be 1*(-2 - -1 - -5). Suppose 45*r - 47*r - 10 = 3*i, i - j = 3*r. Let w(d) = 2*d**3 - 2*d**2 + d + 1. Determine w(r).
-25
Let k be ((-6)/36)/(2/(-12)). Suppose -2*r - k = -15. Let h = -9 + r. Let i(u) = -5*u**2 - 2*u - 2. Give i(h).
-18
Let w = -12312 + 12302. Let l(v) = 7*v**3 + 11*v**2 + 4*v + 3. Let x(d) = -6*d**3 - 11*d**2 - 5*d - 4. Let h(n) = 5*l(n) + 6*x(n). Give h(w).
-9
Let m(j) = -2*j**2 + 2*j - 2. Let u(c) = c**3 + 12*c**2 + 15*c + 4. Let z be u(-9). Let s = z + -110. Give m(s).
-6
Let g be -2 + -2 + (-168)/(-14). Suppose -g*q - 25 = -10*q + 5*f, -4*f = q + 20. Let z(p) = -p - 10. Determine z(q).
-10
Let t(h) be the first derivative of h**3/3 - 5*h**2/2 - 10*h - 2. Let s = -91 + 96. Let k(j) = 2*j - 3. Let l be k(s). Give t(l).
4
Let o(w) = w**3 + 13*w**2 + 16*w - 26. Let i be (-7680)/720 + (-2)/6. What is o(i)?
40
Let t(v) = -v**3 + 7*v**2 + 6*v + 18. Let w be t(8). Let n(g) = 4*g**2 - 3 - 8*g**3 - 14*g**2 + 7*g + 7*g**3 - g**w + 5*g**2. Give n(-7).
-3
Let c(i) = 19 - 22*i + 7*i**2 + 117*i - 20*i**2 - 68*i - 25*i - i**3. Give c(-13).
-7
Let n(m) = -2*m + 31. Let c(j) = 3*j - 46. Let s(t) = -5*c(t) - 7*n(t). Let g be s(9). Suppose -g*q = -q - q. Let d(l) = -l**2 - 7. Calculate d(q).
-7
Let t(g) = 12263*g**3 - 7*g - 19 + 3 - 6*g**2 - 12264*g**3. Determine t(-5).
-6
Let c(d) = -8*d - 88. Let h(n) = 65*n + 750. Let p(l) = -25*c(l) - 3*h(l). Determine p(19).
45
Let v(i) = -i**2 - 6*i + 162. Let b(p) = -p**3 - 97*p**2 - 87*p + 864. Let d be b(-96). What is v(d)?
162
Let i(y) = -9*y**3 - 9*y**2 - 10*y - 101. Let o(c) = -22*c**3 - 17*c**2 - 21*c - 206. Let u(b) = 5*i(b) - 2*o(b). Determine u(-11).
-5
Let t be (-100)/(-100)*(-8 + -1 + 0). Let x(f) = 15*f + 130. Let w be x(t). Let d(r) = -r**3 - 6*r**2 - 6*r - 2. Determine d(w).
3
Let k(c) = -c**3 + 15*c**2 + 14*c + 38. Let y be k(16). Let m(n) = n + 8 + y - 1 - 15. Suppose 0 = 5*v + 4*t - 21, -v + 3*v + 5*t - 5 = 0. What is m(v)?
3
Let x(f) = -f**2 + 12*f - 14. Let b be x(10). Let z(i) be the second derivative of -2*i**3/3 + 4*i**2 - 1741*i. Determine z(b).
-16
Let g(n) be the first derivative of n**6/360 + 3*n**5/40 + n**4/24 - 157*n**3/3 - 158. Let l(y) be the third derivative of g(y). Calculate l(-10).
11
Let b(s) = 0 - 5 - 3*s + 0 - 2. Let o(v) = v**3 - 4*v**2 + 5. Let a be o(2). Give b(a).
2
Let j(x) = -x**3 + x**2 - 2. Let a(t) = t**3 + 11*t**2 - 21*t - 5. Let q = -627 - -629. Let i(o) = q*j(o) + a(o). Give i(11).
2
Let y(d) = d**2 + 3*d - 2. Suppose 0 = -o + 5, -9*q + 5*q - o + 109 = 0. Suppose -30*v - 24 = -q*v. Give y(v).
16
Let o(r) = r**2 + 9*r + 12. Let t be -16 + ((-14)/6)/(40/15 + -3). Calculate o(t).
12
Suppose -5*m = -5, -3*c - 6*m - 27 = -3*m. Let i(j) = j**2 - 4*j**2 - 53 + 45 + 2*j**2 + 2*j**2 + 1 + 10*j. Calculate i(c).
-